{"id":26303,"date":"2020-05-25T11:31:23","date_gmt":"2020-05-25T11:31:23","guid":{"rendered":"https:\/\/westys.nl\/product\/oldtimer-westfalia-wohnwagen-gummikeder-fuer-regenschutz-schwarz\/"},"modified":"2020-05-25T11:31:23","modified_gmt":"2020-05-25T11:31:23","slug":"oldtimer-westfalen-caravan-gummi-keder-t-b-v-regenschutz-schwarz","status":"publish","type":"product","link":"https:\/\/westys.nl\/de\/product\/oldtimer-westfalen-caravan-gummi-keder-t-b-v-regenschutz-schwarz\/","title":{"rendered":"Oldtimer Westfalia Wohnwagen Gummikeder f\u00fcr Regenschutz schwarz"},"content":{"rendered":"<p>Westfalia Wohnwagen-Gummikeder f\u00fcr Regenschutz in schwarz. Der Preis gilt pro Meter.<\/p>\n<p>Die dazugeh\u00f6rige schwarze Klappe ist ebenfalls erh\u00e4ltlich.<\/p>\n","protected":false},"excerpt":{"rendered":"<p>Westfalia Wohnwagen-Gummikeder f\u00fcr Regenschutz in schwarz. Der Preis gilt pro Meter. Die dazugeh\u00f6rige schwarze Klappe ist ebenfalls erh\u00e4ltlich.<\/p>\n","protected":false},"featured_media":22068,"template":"","meta":[],"product_cat":[729,690,688],"product_tag":[],"_links":{"self":[{"href":"https:\/\/westys.nl\/de\/wp-json\/wp\/v2\/product\/26303"}],"collection":[{"href":"https:\/\/westys.nl\/de\/wp-json\/wp\/v2\/product"}],"about":[{"href":"https:\/\/westys.nl\/de\/wp-json\/wp\/v2\/types\/product"}],"version-history":[{"count":0,"href":"https:\/\/westys.nl\/de\/wp-json\/wp\/v2\/product\/26303\/revisions"}],"wp:featuredmedia":[{"embeddable":true,"href":"https:\/\/westys.nl\/de\/wp-json\/wp\/v2\/media\/22068"}],"wp:attachment":[{"href":"https:\/\/westys.nl\/de\/wp-json\/wp\/v2\/media?parent=26303"}],"wp:term":[{"taxonomy":"product_cat","embeddable":true,"href":"https:\/\/westys.nl\/de\/wp-json\/wp\/v2\/product_cat?post=26303"},{"taxonomy":"product_tag","embeddable":true,"href":"https:\/\/westys.nl\/de\/wp-json\/wp\/v2\/product_tag?post=26303"}],"curies":[{"name":"wp","href":"https:\/\/api.w.org\/{rel}","templated":true}]}}

Oldtimer Westfalia Wohnwagen Gummikeder für Regenschutz schwarz

<p>Westfalia Wohnwagen-Gummikeder für Regenschutz in schwarz. Der Preis gilt pro Meter.</p>
<p>Die dazugehörige schwarze Klappe ist ebenfalls erhältlich.</p>

<p>Westfalia Wohnwagen-Gummikeder für Regenschutz in schwarz. Der Preis gilt pro Meter. Die dazugehörige schwarze Klappe ist ebenfalls erhältlich.</p>
